thousands digit of 11181?
1
What is the hundreds digit of 19375?
3
What is the units digit of 10818?
8
What is the tens digit of 15455?
5
What is the units digit of 50790?
0
What is the tens digit of 725?
2
What is the tens digit of 23932?
3
What is the ten thousands digit of 30330?
3
What is the thousands digit of 5825?
5
What is the hundreds digit of 13384?
3
What is the tens digit of 307?
0
What is the hundreds digit of 28823?
8
What is the hundreds digit of 1647?
6
What is the units digit of 1744?
4
What is the tens digit of 62513?
1
What is the thousands digit of 1017?
1
What is the units digit of 6089?
9
What is the units digit of 312?
2
What is the units digit of 1540?
0
What is the hundreds digit of 31509?
5
What is the hundreds digit of 9511?
5
What is the hundreds digit of 7604?
6
What is the hundreds digit of 289?
2
What is the thousands digit of 44048?
4
What is the units digit of 2021?
1
What is the tens digit of 19721?
2
What is the hundreds digit of 10347?
3
What is the hundreds digit of 150844?
8
What is the ten thousands digit of 47255?
4
What is the hundreds digit of 8020?
0
What is the thousands digit of 1077?
1
What is the tens digit of 60162?
6
What is the hundreds digit of 150?
1
What is the ten thousands digit of 113786?
1
What is the tens digit of 4768?
6
What is the hundreds digit of 10906?
9
What is the units digit of 35202?
2
What is the tens digit of 2515?
1
What is the hundreds digit of 18189?
1
What is the units digit of 581?
1
What is the ten thousands digit of 10918?
1
What is the units digit of 1247?
7
What is the units digit of 1820?
0
What is the ten thousands digit of 11074?
1
What is the tens digit of 12106?
0
What is the units digit of 2047?
7
What is the units digit of 855?
5
What is the thousands digit of 9860?
9
What is the tens digit of 1204?
0
What is the units digit of 70?
0
What is the ten thousands digit of 10552?
1
What is the ten thousands digit of 50395?
5
What is the hundreds digit of 18720?
7
What is the units digit of 1058?
8
What is the hundreds digit of 8945?
9
What is the tens digit of 1188?
8
What is the thousands digit of 107247?
7
What is the units digit of 10938?
8
What is the thousands digit of 6911?
6
What is the hundreds digit of 4881?
8
What is the hundreds digit of 6447?
4
What is the thousands digit of 69243?
9
What is the hundreds digit of 652?
6
What is the tens digit of 6566?
6
What is the hundred thousands digit of 167256?
1
What is the tens digit of 2618?
1
What is the thousands digit of 1729?
1
What is the units digit of 713?
3
What is the ten thousands digit of 109648?
0
What is the units digit of 6770?
0
What is the tens digit of 1530?
3
What is the ten thousands digit of 54614?
5
What is the thousands digit of 72851?
2
What is the tens digit of 166?
6
What is the hundreds digit of 722?
7
What is the hundreds digit of 5708?
7
What is the ten thousands digit of 178161?
7
What is the hundred thousands digit of 185400?
1
What is the tens digit of 585?
8
What is the hundreds digit of 141136?
1
What is the tens digit of 16653?
5
What is the thousands digit of 14453?
4
What is the tens digit of 6193?
9
What is the tens digit of 113156?
5
What is the units digit of 4895?
5
What is the ten thousands digit of 11271?
1
What is the thousands digit of 1337?
1
What is the thousands digit of 3214?
3
What is the tens digit of 20600?
0
What is the units digit of 162?
2
What is the thousands digit of 1751?
1
What is the hundreds digit of 1077?
0
What is the tens digit of 1030?
3
What is the units digit of 7283?
3
What is the units digit of 89324?
4
What is the thousands digit of 55540?
5
What is the hundreds digit of 13736?
7
What is the thousands digit of 11229?
1
What is the ten thousands digit of 15720?
1
What is the hundreds digit of 1127?
1
What is the thousands digit of 116772?
6
What is the thousands digit of 10570?
0
What is the tens digit of 60?
6
What is the tens digit of 1940?
4
What is the thousands digit of 25600?
5
What is the tens digit of 1202?
0
What is the tens digit of 19064?
6
What is the ten thousands digit of 108062?
0
What is the ten thousands digit of 136592?
3
What is the units digit of 10110?
0
What is the tens digit of 1977?
7
What is the units digit of 784?
4
What is the tens digit of 284?
8
What is the units digit of 26519?
9
What is the units digit of 48017?
7
What is the ten thousands digit of 13869?
1
What is the thousands digit of 4128?
4
What is the units digit of 3518?
8
What is the units digit of 17829?
9
What is the thousands digit of 76908?
6
What is the tens digit of 2156?
5
What is the units digit of 8393?
3
What is the tens digit of 6945?
4
What is the units digit of 5078?
8
What is the hundreds digit of 37408?
4
What is the units digit of 14281?
1
What is the tens digit of 58973?
7
What is the thousands digit of 3040?
3
What is the hundreds digit of 1539?
5
What is the thousands digit of 10211?
0
What is the ten thousands digit of 20071?
2
What is the hundred thousands digit of 173439?
1
What is the tens digit of 2272?
7
What is the ten thousands digit of 64200?
6
What is the units digit of 9074?
4
What is the tens digit of 1772?
7
What is the thousands digit of 1224?
1
What is the hundreds digit of 10398?
3
What is the thousands digit of 4713?
4
What is the thousands digit of 1524?
1
What is the thousands digit of 5918?
5
What is the thousands digit of 9935?
9
What is the hundreds digit of 20181?
1
What is the tens digit of 241?
4
What is the ten thousands digit of 17735?
1
What is the units digit of 4522?
2
What is the hundreds digit of 3862?
8
What is the thousands digit of 2918?
2
What is the units digit of 18828?
8
What is the tens digit of 9326?
2
What is the tens digit of 42861?
6
What is the tens digit of 13098?
9
What is the ten thousands digit of 79870?
7
What is the tens digit of 1744?
4
What is the units digit of 1305?
5
What is the units digit of 9368?
8
What is the ten thousands digit of 33547?
3
What is the ten thousands digit of 141541?
4
What is the tens digit of 74?
7
What is the hundreds digit of 15775?
7
What is the hundreds digit of 53000?
0
What is the thousands digit of 45225?
5
What is the hundreds digit of 2330?
3
What is the units digit of 6792?
2
What is the units digit of 79661?
1
What is the tens digit of 987?
8
What is the hundreds digit of 1531?
5
What is the hundreds digit of 12789?
7
What is the tens digit of 834?
3
What is the units digit of 18533?
3
What is the tens digit of 2912?
1
What is the hundreds digit of 717?
7
What is the units digit of 35111?
1
What is the units digit of 28684?
4
What is the units digit of 5008?
8
What is the tens digit of 1252?
5
What is the tens digit of 13937?
3
What is the units digit of 2959?
9
What is the thousands digit of 7821?
7
What is the tens digit of 891?
9
What is the units digit of 3884?
4
What is the hundreds digit of 42483?
4
What is the units digit of 7876?
6
What is the thousands digit of 1080?
1
What is the tens digit of 6807?
0
What is the units digit of 19317?
7
What is the ten thousands digit of 97003?
9
What is the tens digit of 631?
3
What is the thousands digit of 3282?
3
What is the units digit of 14843?
3
What is the tens digit of 266?
6
What is the units digit of 1858?
8
What is the units digit of 983?
3
What is the hundreds digit of 99813?
8
What is the thousands digit of 15255?
5
What is the thousands digit of 1024?
1
What is the hundreds digit of 572?
5
What is the hundreds digit of 312?
3
What is the hundreds digit of 415?
4
What is the thousands digit of 3147?
3
What is the tens digit of 1397?
9
What is the tens digit of 3233?
3
What is the thousands digit of 1622?
1
What is the ten thousands digit of 35554?
3
What is the ten thousands digit of 29591?
2
What is the units digit of 10176?
6
What is the tens digit of 14522?
2
What is the tens digit of 7629?
2
What is the units digit of 4048?
8
What is the ten thousands digit of 15779?
1
What is the hundreds digit of 208?
2
What is the thousands digit of 10103?
0
What is the tens digit of 2843?
4
What is the tens digit of 746?
4
What is the tens digit of 13303?
0
What is the hundreds digit of 560?
5
What is the thousands digit of 8178?
8
What is the tens digit of 1292?
9
What is the hundreds digit of 8